{"id":395,"date":"2012-09-26T11:00:37","date_gmt":"2012-09-26T09:00:37","guid":{"rendered":"http:\/\/transitionsa.wordpress.com\/?page_id=395"},"modified":"2012-09-26T11:00:37","modified_gmt":"2012-09-26T09:00:37","slug":"transition-en-route-vers-de-nouveaux-horizon","status":"publish","type":"page","link":"https:\/\/transitionsa.ch\/?page_id=395","title":{"rendered":"Transition: en route vers de nouveaux horizons!"},"content":{"rendered":"<h5>Les situations de transition sont en g\u00e9n\u00e9ral li\u00e9es \u00e0<strong> l&rsquo;innovation et au d\u00e9veloppement<\/strong>. R\u00e9orientation, d\u00e9ploiement de nouvelles activit\u00e9s, changement de processus et d&rsquo;organisation ou conduite de projets strat\u00e9giques: risqu\u00e9es, ces d\u00e9marches sont avantageusement conduites par\u00a0un acteur externe\u00a0dont le premier objectif est la r\u00e9ussite de sa mission.<\/h5>\n","protected":false},"excerpt":{"rendered":"<p>Les situations de transition sont en g\u00e9n\u00e9ral li\u00e9es \u00e0 l&rsquo;innovation et au d\u00e9veloppement. R\u00e9orientation, d\u00e9ploiement de nouvelles activit\u00e9s, changement de processus et d&rsquo;organisation ou conduite de projets strat\u00e9giques: risqu\u00e9es, ces d\u00e9marches sont avantageusement conduites par\u00a0un acteur externe\u00a0dont le premier objectif &hellip; <a href=\"https:\/\/transitionsa.ch\/?page_id=395\">Continuer la lecture <span class=\"meta-nav\">&rarr;<\/span><\/a><\/p>\n","protected":false},"author":1,"featured_media":0,"parent":16,"menu_order":2,"comment_status":"open","ping_status":"closed","template":"","meta":[],"_links":{"self":[{"href":"https:\/\/transitionsa.ch\/index.php?rest_route=\/wp\/v2\/pages\/395"}],"collection":[{"href":"https:\/\/transitionsa.ch\/index.php?rest_route=\/wp\/v2\/pages"}],"about":[{"href":"https:\/\/transitionsa.ch\/index.php?rest_route=\/wp\/v2\/types\/page"}],"author":[{"embeddable":true,"href":"https:\/\/transitionsa.ch\/index.php?rest_route=\/wp\/v2\/users\/1"}],"replies":[{"embeddable":true,"href":"https:\/\/transitionsa.ch\/index.php?rest_route=%2Fwp%2Fv2%2Fcomments&post=395"}],"version-history":[{"count":0,"href":"https:\/\/transitionsa.ch\/index.php?rest_route=\/wp\/v2\/pages\/395\/revisions"}],"up":[{"embeddable":true,"href":"https:\/\/transitionsa.ch\/index.php?rest_route=\/wp\/v2\/pages\/16"}],"wp:attachment":[{"href":"https:\/\/transitionsa.ch\/index.php?rest_route=%2Fwp%2Fv2%2Fmedia&parent=395"}],"curies":[{"name":"wp","href":"https:\/\/api.w.org\/{rel}","templated":true}]}}